34.
31
What is the remainder when 1909 is divided by 113?
101
What is the remainder when 4762 is divided by 132?
10
What is the remainder when 78 is divided by 5?
3
What is the remainder when 115 is divided by 68?
47
What is the remainder when 2131 is divided by 41?
40
Calculate the remainder when 566 is divided by 186.
8
Calculate the remainder when 235 is divided by 24.
19
Calculate the remainder when 570 is divided by 44.
42
What is the remainder when 204 is divided by 41?
40
What is the remainder when 985 is divided by 29?
28
Calculate the remainder when 759 is divided by 376.
7
What is the remainder when 468 is divided by 40?
28
What is the remainder when 96 is divided by 1?
0
Calculate the remainder when 186 is divided by 99.
87
Calculate the remainder when 110 is divided by 49.
12
Calculate the remainder when 2222 is divided by 317.
3
Calculate the remainder when 3254 is divided by 15.
14
What is the remainder when 200 is divided by 162?
38
Calculate the remainder when 2137 is divided by 354.
13
What is the remainder when 1985 is divided by 28?
25
Calculate the remainder when 4 is divided by 3.
1
Calculate the remainder when 116 is divided by 46.
24
Calculate the remainder when 3527 is divided by 9.
8
What is the remainder when 152 is divided by 38?
0
Calculate the remainder when 70 is divided by 36.
34
What is the remainder when 1765 is divided by 99?
82
Calculate the remainder when 1048 is divided by 70.
68
What is the remainder when 5725 is divided by 8?
5
Calculate the remainder when 296 is divided by 87.
35
What is the remainder when 1144 is divided by 166?
148
Calculate the remainder when 341 is divided by 66.
11
What is the remainder when 577 is divided by 29?
26
What is the remainder when 48 is divided by 13?
9
What is the remainder when 559 is divided by 142?
133
What is the remainder when 159 is divided by 25?
9
What is the remainder when 165 is divided by 28?
25
Calculate the remainder when 161 is divided by 54.
53
What is the remainder when 1695 is divided by 63?
57
What is the remainder when 615 is divided by 98?
27
Calculate the remainder when 2489 is divided by 30.
29
What is the remainder when 155 is divided by 28?
15
Calculate the remainder when 708 is divided by 170.
28
What is the remainder when 282 is divided by 50?
32
Calculate the remainder when 626 is divided by 47.
15
What is the remainder when 1889 is divided by 86?
83
What is the remainder when 174 is divided by 174?
0
Calculate the remainder when 956 is divided by 22.
10
Calculate the remainder when 437 is divided by 10.
7
Calculate the remainder when 626 is divided by 204.
14
What is the remainder when 115 is divided by 65?
50
What is the remainder when 818 is divided by 20?
18
Calculate the remainder when 174 is divided by 32.
14
Calculate the remainder when 248 is divided by 36.
32
What is the remainder when 607 is divided by 81?
40
Calculate the remainder when 1217 is divided by 10.
7
Calculate the remainder when 369 is divided by 12.
9
What is the remainder when 267 is divided by 43?
9
What is the remainder when 211 is divided by 106?
105
Calculate the remainder when 374 is divided by 75.
74
What is the remainder when 808 is divided by 37?
31
What is the remainder when 11774 is divided by 302?
298
What is the remainder when 552 is divided by 18?
12
Calculate the remainder when 187 is divided by 15.
7
Calculate the remainder when 1060 is divided by 97.
90
What is the remainder when 255 is divided by 10?
5
What is the remainder when 72 is divided by 59?
13
Calculate the remainder when 927 is divided by 32.
31
What is the remainder when 28563 is divided by 49?
45
Calculate the remainder when 110 is divided by 39.
32
Calculate the remainder when 45 is divided by 11.
1
What is the remainder when 1930 is divided by 84?
82
What is the remainder when 72 is divided by 37?
35
Calculate the remainder when 1471 is divided by 484.
19
What is the remainder when 40 is divided by 3?
1
Calculate the remainder when 314 is divided by 21.
20
What is the remainder when 179 is divided by 62?
55
What is the remainder when 43 is divided by 9?
7
Calculate the remainder when 642 is divided by 190.
72
What is the remainder when 58 is divided by 50?
8
Calculate the remainder when 979 is divided by 33.
22
What is the remainder when 3197 is divided by 168?
5
What is the remainder when 3628 is divided by 31?
1
Calculate the remainder when 355 is divided by 4.
3
Calculate the remainder when 2066 is divided by 4.
2
Calculate the remainder when 241 is divided by 62.
55
What is the remainder when 333 is divided by 82?
5
What is the remainder when 736 is divided by 11?
10
What is the remainder when 1578 is divided by 58?
12
Calculate the remainder when 7 is divided by 1.
0
What is the remainder when 87 is divided by 9?
6
What is the remainder when 937 is divided by 25?
12
What is the remainder when 2730 is divided by 250?
230
What is the remainder when 8973 is divided by 176?
173
Calculate the remainder when 3717 is divided by 6.
3
Calculate the remainder when 1495 is divided by 424.
223
What is the remainder when 111 is divided by 28?
27
What is the remainder when 1433 is divided by 346?
49
What is the remainder when 2161 is divided by 21?
19
What is the remainder when 5048 is divided by 18?
8
Calculate the remainder when 163 is divided by 15.
13
Calculate the remainder when 34 is divided by 6.
4
What is the remainder when 747 is divided by 55?
32
Calculate the remainder when 125 is divided by 13.
8
Calculate the remainder when 276 is divided by 93.
90
What is the remainder when 1146 is divided by 221?
41
Calculate the remainder when 187 is divided by 97.
90
Calculate the remainder when 1874 is divided by 57.
50
Calculate the remainder when 595 is divided by 194.
13
Calculate the remainder when 1366 is divided by 24.
22
Calculate the remainder when 533 is divided by 177.
2
What is the remainder when 8206 is divided by 228?
226
Calculate the remainder when 127 is divided by 4.
3
What is the remainder when 72 is divided by 20?
12
What is the remainder when 963 is divided by 46?
43
What is the remainder when 207 is divided by 13?
12
What is the remainder when 4968 is divided by 29?
9
What is the remainder when 102 is divided by 87?
15
Calculate the remainder when 559 is divided by 70.
69
Calculate the remainder when 74 is divided by 16.
10
What is the remainder when 329 is divided by 159?
11
Calculate the remainder when 2154 is divided by 13.
9
Calculate the remainder when 182 is divided by 39.
26
What is the remainder when 379 is divided by 38?
37
What is the remainder when 501 is divided by 124?
5
Calculate the remainder when 256 is divided by 105.
46
Calculate the remainder when 30 is divided by 30.
0
Calculate the remainder when 57 is divided by 34.
23
Calculate the remainder when 311 is divided by 34.
5
What is the remainder when 184 is divided by 37?
36
What is the remainder when 31 is divided by 16?
15
Calculate the remainder when 503 is divided by 42.
41
Calculate the remainder when 8668 is divided by 299.
296
Calculate the remainder when 121 is divided by 51.
19
Calculate the remainder when 346 is divided by 12.
10
Calculate the remainder when 137 is divided by 65.
7
Calculate the remainder when 527 is divided by 8.
7
Calculate the remainder when 197 is divided by 25.
22
What is the remainder when 2266 is divided by 255?
226
Calculate the remainder when 561 is divided by 47.
44
What is the remainder when 25 is divided by 15?
10
Calculate the remainder when 25057 is divided by 22.
21
Calculate the remainder when 307 is divided by 154.
153
What is the remainder when 1086 is divided by 39?
33
Calculate the remainder when 41 is divided by 24.
17
What is the remainder when 191 is divided by 40?
31
Calculate the remainder when 615 is divided by 164.
123
What is the remainder when 181 is divided by 42?
13
Calculate the remainder when 49 is divided by 30.
19
Calculate the remainder when 285 is divided by 33.
21
Calculate the remainder when 1079 is divided by 54.
53
What is the remainder when 240 is divided by 81?
78
Calculate the remainder when 535 is divided by 95.
60
What is the remainder when 166 is divided by 67?
32
Calculate the remainder when 333 is divided by 20.
13
What is the r